u) = -18*u**2 + 3*u - 8. Let t be v(-5). Let h = 419 - t. What are the prime factors of h?
2, 223
Let b(g) = -2*g - 9. Let q be b(-6). Suppose q*r = 80 + 4. Suppose 0 = -4*j - 16 + r. List the prime factors of j.
3
Let g(i) = -14195*i + 2067. List the prime factors of g(-3).
2, 3, 61
Let q(l) = 2*l**3 - 58*l**2 + 166*l + 33. What are the prime factors of q(32)?
11489
Let o(x) = 4*x**2 - x + 6. Let m be o(-9). Suppose 5*w - 5*t = 3*w + 687, w + 2*t = m. What are the prime factors of w?
11, 31
Suppose 2*c = -c - 963. Let j = -229 - c. List the prime factors of 3/1 + j + 15.
2, 5, 11
Let i(d) = d**2 - 3. Let n be i(3). Let f be -7*(-3)/42*n. Suppose f*y = -3*y + 426. List the prime factors of y.
71
Suppose -56*g = -53*g - 21. Suppose -g*d + 1006 = -205. List the prime factors of d.
173
Let k(m) = -37*m**2 + 2*m + 86*m**2 + 0*m - 1. Let b(d) = 49*d**2 + d - 1. Let c(q) = 4*b(q) - 3*k(q). What are the prime factors of c(1)?
2, 23
Let l(u) = 56*u - 243. List the prime factors of l(53).
5, 109
Let c = 86 - 380. Let j = 428 + c. Let m = -46 + j. What are the prime factors of m?
2, 11
Let w = -37 - -47. Let g = 12 - w. Suppose 366 = 4*z + g*p, z = -2*z + 4*p + 247. List the prime factors of z.
89
Let b(a) = -199*a + 570. What are the prime factors of b(-62)?
2, 7, 461
Let q(g) = -143*g - 2. Let l be q(-3). Suppose -5*p + 2349 - l = c, -c + 1902 = -5*p. What are the prime factors of c?
2, 239
Let v = -2236 - -3758. List the prime factors of v.
2, 761
Let l be (-1)/(-3) + (-25)/3. Let t be (-2)/8 - ((-2742)/l)/(-3). Let s = t - 67. List the prime factors of s.
47
Let r be (-23)/(-6) + -1 + 3/18. Suppose -2*k - r*k - 4*p - 6 = 0, -5*p - 16 = 2*k. Suppose -k*h + 235 = b - 64, 3*h - 446 = b. What are the prime factors of h?
149
Let u(j) = 2*j - 5*j + 4*j + j**2 - 6. Let q be u(-3). Suppose q = 5*r - 5*m - 115, 5*r - m + 0*m - 119 = 0. What are the prime factors of r?
2, 3
Suppose 4*g = -4, -5*v - 4*g + 9 = 53. Let w(o) = o + 20. Let m(f) = -1. Let k(u) = 3*m(u) + w(u). List the prime factors of k(v).
3
Let m(l) = -7364*l + 4195. What are the prime factors of m(-6)?
101, 479
Let u(q) = 462*q**2 + 4*q + 6. Let o be u(3). Suppose 4*c = -2*b + 1688, -5*b + 3*c - 2*c = -o. List the prime factors of b.
2, 11, 19
Let u = 6 - -45. Let q = -3165 + 3168. Suppose -i - 2*n = -89, -q*i + 3*n + u = -207. List the prime factors of i.
3, 29
Let m = 56 + -53. Suppose m*g + 1 - 2281 = 0. List the prime factors of g.
2, 5, 19
Suppose -3*f = -8*f - 60. Let s(q) = 2*q**2 + 6*q - 17. What are the prime factors of s(f)?
199
Suppose d - 3*d - 2 = 0, -5498 = -5*r - 2*d. Suppose -4*j + 938 - 59 = -5*n, -5*j + r = -5*n. What are the prime factors of j?
13, 17
Let u(b) = 2*b - 13. Let v be u(5). Let t(y) = -475*y + 2. Let d be t(v). What are the prime factors of d/8 - 9/24?
2, 89
Suppose -2*p - 2*p = -4*v - 3552, -2665 = -3*p + 2*v. Let z = p - 576. List the prime factors of z.
313
Let i be 3/12 - (-282)/24. Let z be -1*(i*7)/4. List the prime factors of ((-480)/(-70))/((-2)/z).
2, 3
Let c be 18/15*(-25)/(-15). Suppose -5*i + 223 = c*g, 3*i - 239 = -3*g + 100. What are the prime factors of (-3)/(12/(-4))*g?
2, 3, 19
Suppose 5*n - 10027 = 2*p, 45*p = 5*n + 41*p - 10039. What are the prime factors of n?
2003
Suppose -4*k = o - 0*o - 18, 4*k - 26 = -5*o. Let r = k - -24. What are the prime factors of 7/r - 494/(-8)?
2, 31
Let q = -27822 + 70575. What are the prime factors of q?
3, 14251
Let y = 7652 + -5594. List the prime factors of y.
2, 3, 7
Let j be 3/15 - 11976/30. List the prime factors of j/(-342)*1*282.
7, 47
List the prime factors of (8446/412)/(2/724).
41, 181
Let q = 3759 + -2652. Suppose 5*h + 4*u - 1700 = 0, -4*h - 3*u = -q - 253. Suppose 2*i = -4*a + h, -i = 4*i - 2*a - 874. What are the prime factors of i?
2, 3, 29
Suppose -b - 6*i + 356 = -3*i, 4*i = 2*b - 682. Suppose -5*y - 976 = -9*y. Let f = b - y. List the prime factors of f.
103
Suppose -4*r + 8 = 2*v, 8*v = -5*r + 3*v. Suppose r*x + 4*s + 827 = -s, 0 = x - 5*s + 213. Let a = x + 301. List the prime factors of a.
3, 31
Let r = 39672 - 13076. List the prime factors of r.
2, 61, 109
Let b = 1593 - 397. Suppose l = -3*y + 1768, -y + 5*l = -3*y + b. List the prime factors of y.
2, 3, 7
Let n = -206 + 202. Let c(a) = 35*a**2 - 9*a - 1. List the prime factors of c(n).
5, 7, 17
Suppose 1 + 19 = -4*w, 2*y - 1 = -w. Suppose -y*d + 1415 = 185. What are the prime factors of d?
2, 5, 41
Suppose 7*y = 3*y + 8. Suppose 2*m - 24 = -y*u - 2*u, -2*u = 4. Suppose 19*z - m*z = 105. List the prime factors of z.
5, 7
Let d(c) = -4*c + 29. Let t be d(-14). Suppose 4*w - 3 = t. List the prime factors of 4 + -2 + w*3.
2, 17
Suppose -25*u - 2*j + 16732 = -21*u, 2*j = 3*u - 12535. What are the prime factors of u?
37, 113
Suppose 65*d - 122581 + 153284 = 636958. What are the prime factors of d?
3, 3109
Let a be (-3)/(21/(-31)) + (-9)/21. What are the prime factors of (-5 - -4)/(((-20)/65)/a)?
13
Let x(m) = -5*m - 52. Let u be x(-12). Let g(k) = 8*k**2 - 22*k. What are the prime factors of g(u)?
2, 3, 7
Let i(d) = -5*d + 81. Let o be i(15). Suppose -28100 = -o*s - 19*s. List the prime factors of s.
2, 281
Let b(i) = -i**3 - 12*i - 2*i**2 - 5 + 3*i**2 + 11*i**2. Suppose -5*t = -2*g + 28, -26*t = -32*t - 12. List the prime factors of b(g).
2, 5, 13
Suppose 216327 = 5*g - 4*k, 3*k = 5*g + 43232 - 259566. List the prime factors of g.
43271
Let j = -306 - -484. Suppose -j + 931 = a. What are the prime factors of a?
3, 251
Suppose -2*m + 3*v + 14977 = 0, -26*v - 6 = -28*v. What are the prime factors of m?
59, 127
Let q(y) = -234*y + 101. Let k(a) = -2*a - 23. Let u be k(-10). What are the prime factors of q(u)?
11, 73
Let a(o) = 7*o**2 + 17*o + 55. Suppose -2*i = -2*t - 4*i + 26, -4*i - 4 = 0. Let r be a(t). List the prime factors of ((-24)/(-30))/(6/r).
2, 3, 37
Let x be (-25)/(-6) + (-13)/78. Suppose -1480 = 4*h - x*n + 136, n + 808 = -2*h. Let i = h - -626. What are the prime factors of i?
2, 3, 37
Let y be (-3)/(-5) - 110/(-25). Let n be 43 + (y - 4) + 3. Suppose 5*j - n - 773 = 0. List the prime factors of j.
2, 41
Suppose -1291*k = -1289*k - 5*w - 3326, 14 = 7*w. List the prime factors of k.
2, 3, 139
Let o = 109 - 136. Let j(g) = -g**3 - 25*g**2 + 22*g + 56. What are the prime factors of j(o)?
2, 5, 23
Let c(u) = 3*u**2 - 22*u - 118. Let k = -239 + 226. List the prime factors of c(k).
3, 5
List the prime factors of (60276/10)/(186/3255*42/8).
2, 5023
What are the prime factors of 1*(-2 - -1) + 37460/20?
2, 3, 13
Suppose -2*g - 4*w + 37700 = 0, -2*g + 20259 = 5*w - 17444. Suppose 4*z + 24*z - g = 0. What are the prime factors of z?
673
Suppose 0 = 5*g - 35, -233*g + 234*g + 53155 = 2*q. What are the prime factors of q?
19, 1399
Let s(o) = o**3 - 5*o**2 + 6*o + 4. Let c be s(3). Let t be 10/c - 2 - 21/(-6). Suppose t = v, -d + v + 71 = -51. List the prime factors of d.
2, 3, 7
Suppose 3*h - 10888 = a, -33*h + 34*h - 5*a - 3648 = 0. What are the prime factors of h?
2, 907
Suppose m = -2 + 7. Suppose -m*t - t + 18 = 0. Let q = 9 + t. List the prime factors of q.
2, 3
Let c(s) = 2*s**2 - 15*s + 8. Let q be c(6). Let d = 12 + q. Suppose -3*p = -4*j + 143, -72 = -j - j + d*p. List the prime factors of j.
5, 7
Suppose 4*h - 138160 = -4*l, 4*l + 52*h = 57*h + 138214. What are the prime factors of l?
2, 23, 751
Suppose 3*u + a + 2*a - 116205 = 0, 0 = 5*u - 4*a - 193711. Suppose 0 = -3*d - 34*d + u. List the prime factors of d.
3, 349
Suppose 1156 = 5*u - 1124. Suppose -1419 = -3*p + u. List the prime factors of p.
5
Suppose 0 = 33*x - 24*x - 5*w - 216698, -4 = 4*w. What are the prime factors of x?
24077
List the prime factors of 310*60/72*12.
2, 5, 31
Let w = 10076 + -3042. Suppose 1914 - w = -10*o. What are the prime factors of o?
2
Suppose 5*o - 464 + 1396 = -4*u, -233 = u - 5*o. List the prime factors of (u/2)/(-8 - 186/(-24)).
2, 233
Let r be -2*(5 + (-8 - 50)). Suppose -2*w - 4239 = -5*d, -w + 951 - r = d. What are the prime factors of d?
7, 11
Let d(u) = -u**2 - 9*u + 2. Let a be d(-9). Let w be (-60)/(-24)*(a - 0 - 0). Suppose -5*z = -n - 273, w*z - n - 279 = 2*n. What are the prime factors of z?
2, 3
Suppose 2*x = u - 11 - 7, -3*u + 21 = -3*x. What are the prime factors of (x - -15)*(54 - 0)?
2, 3
Let o = -53 - -52. Let a be -1*465*o*8/(-2